{"id":9945,"date":"2024-06-03T11:46:42","date_gmt":"2024-06-03T14:46:42","guid":{"rendered":"https:\/\/ferrepuertochile.cl\/?post_type=product&#038;p=9945"},"modified":"2025-03-10T12:05:03","modified_gmt":"2025-03-10T15:05:03","slug":"tapa-gorro-pvc-sanitario-gris-110mm-hoffens","status":"publish","type":"product","link":"https:\/\/ferrepuertochile.cl\/index.php\/producto\/tapa-gorro-pvc-sanitario-gris-110mm-hoffens\/","title":{"rendered":"Tapa Gorro PVC Sanitario Gris 110 Mm Hoffens"},"content":{"rendered":"<p>La Tapa Gorro Gris es un accesorio empleado para tapar tuber\u00edas Sanitarias. Dentro del rubro de plomer\u00eda y gasfiter\u00eda, este fitting cumple la funci\u00f3n de obstruir los extremos de la tuber\u00eda.<\/p>\n","protected":false},"excerpt":{"rendered":"<p>La Tapa Gorro Gris es un accesorio empleado para tapar tuber\u00edas Sanitarias. Dentro del rubro de plomer\u00eda y gasfiter\u00eda, este fitting cumple la funci\u00f3n de obstruir los extremos de la tuber\u00eda.<\/p>\n","protected":false},"featured_media":9946,"template":"","meta":[],"product_brand":[],"product_cat":[209],"product_tag":[],"class_list":{"0":"post-9945","1":"product","2":"type-product","3":"status-publish","4":"has-post-thumbnail","6":"product_cat-fitting-pvc-sanitario","8":"first","9":"instock","10":"shipping-taxable","11":"purchasable","12":"product-type-simple"},"_links":{"self":[{"href":"https:\/\/ferrepuertochile.cl\/index.php\/wp-json\/wp\/v2\/product\/9945","targetHints":{"allow":["GET"]}}],"collection":[{"href":"https:\/\/ferrepuertochile.cl\/index.php\/wp-json\/wp\/v2\/product"}],"about":[{"href":"https:\/\/ferrepuertochile.cl\/index.php\/wp-json\/wp\/v2\/types\/product"}],"wp:featuredmedia":[{"embeddable":true,"href":"https:\/\/ferrepuertochile.cl\/index.php\/wp-json\/wp\/v2\/media\/9946"}],"wp:attachment":[{"href":"https:\/\/ferrepuertochile.cl\/index.php\/wp-json\/wp\/v2\/media?parent=9945"}],"wp:term":[{"taxonomy":"product_brand","embeddable":true,"href":"https:\/\/ferrepuertochile.cl\/index.php\/wp-json\/wp\/v2\/product_brand?post=9945"},{"taxonomy":"product_cat","embeddable":true,"href":"https:\/\/ferrepuertochile.cl\/index.php\/wp-json\/wp\/v2\/product_cat?post=9945"},{"taxonomy":"product_tag","embeddable":true,"href":"https:\/\/ferrepuertochile.cl\/index.php\/wp-json\/wp\/v2\/product_tag?post=9945"}],"curies":[{"name":"wp","href":"https:\/\/api.w.org\/{rel}","templated":true}]}}