{"id":9703,"date":"2024-05-20T16:50:57","date_gmt":"2024-05-20T19:50:57","guid":{"rendered":"https:\/\/ferrepuertochile.cl\/?post_type=product&#038;p=9703"},"modified":"2026-02-25T11:05:17","modified_gmt":"2026-02-25T14:05:17","slug":"cemento-san-juan-25-kilos","status":"publish","type":"product","link":"https:\/\/ferrepuertochile.cl\/index.php\/producto\/cemento-san-juan-25-kilos\/","title":{"rendered":"Cemento 25 Kilos San Juan"},"content":{"rendered":"<h4><strong>DESPACHO NO DISPONIBLE, SOLO RETIRO EN TIENDA.<\/strong><\/h4>\n<p>Es un cemento puzol\u00e1nico obtenido de la molienda conjunta de clinker, puzolana y yeso. Para todo tipo de construcciones y aplicaciones.<\/p>\n<p>Morteros y hormigones con moderado requisito de resistencia mec\u00e1nica.<br \/>\nHormig\u00f3n estructural confeccionado con requisito de moderado calor de hidrataci\u00f3n, tales como cimientos, emplantillados, radieres, cadena, muros, pilares y otros similares.<br \/>\nMorteros para pega ideal para alba\u00f1iler\u00eda, estucos gruesos y afinados.<\/p>\n","protected":false},"excerpt":{"rendered":"<p>DESPACHO NO DISPONIBLE, SOLO RETIRO EN TIENDA. Es un cemento puzol\u00e1nico obtenido de la molienda conjunta de clinker, puzolana y yeso. Para todo tipo de construcciones y aplicaciones. Morteros y hormigones con moderado requisito de resistencia mec\u00e1nica. Hormig\u00f3n estructural confeccionado con requisito de moderado calor de hidrataci\u00f3n, tales como cimientos, emplantillados, radieres, cadena, muros, pilares&#8230;<\/p>\n","protected":false},"featured_media":9707,"template":"","meta":[],"product_brand":[],"product_cat":[146],"product_tag":[],"class_list":{"0":"post-9703","1":"product","2":"type-product","3":"status-publish","4":"has-post-thumbnail","6":"product_cat-cementos","8":"first","9":"outofstock","10":"shipping-taxable","11":"purchasable","12":"product-type-simple"},"_links":{"self":[{"href":"https:\/\/ferrepuertochile.cl\/index.php\/wp-json\/wp\/v2\/product\/9703","targetHints":{"allow":["GET"]}}],"collection":[{"href":"https:\/\/ferrepuertochile.cl\/index.php\/wp-json\/wp\/v2\/product"}],"about":[{"href":"https:\/\/ferrepuertochile.cl\/index.php\/wp-json\/wp\/v2\/types\/product"}],"wp:featuredmedia":[{"embeddable":true,"href":"https:\/\/ferrepuertochile.cl\/index.php\/wp-json\/wp\/v2\/media\/9707"}],"wp:attachment":[{"href":"https:\/\/ferrepuertochile.cl\/index.php\/wp-json\/wp\/v2\/media?parent=9703"}],"wp:term":[{"taxonomy":"product_brand","embeddable":true,"href":"https:\/\/ferrepuertochile.cl\/index.php\/wp-json\/wp\/v2\/product_brand?post=9703"},{"taxonomy":"product_cat","embeddable":true,"href":"https:\/\/ferrepuertochile.cl\/index.php\/wp-json\/wp\/v2\/product_cat?post=9703"},{"taxonomy":"product_tag","embeddable":true,"href":"https:\/\/ferrepuertochile.cl\/index.php\/wp-json\/wp\/v2\/product_tag?post=9703"}],"curies":[{"name":"wp","href":"https:\/\/api.w.org\/{rel}","templated":true}]}}