{"id":11910,"date":"2026-01-22T10:16:57","date_gmt":"2026-01-22T13:16:57","guid":{"rendered":"https:\/\/ferrepuertochile.cl\/?post_type=product&#038;p=11910"},"modified":"2026-01-22T10:16:57","modified_gmt":"2026-01-22T13:16:57","slug":"terminal-hi-ppr-gris-32mmx1","status":"publish","type":"product","link":"https:\/\/ferrepuertochile.cl\/index.php\/producto\/terminal-hi-ppr-gris-32mmx1\/","title":{"rendered":"TERMINAL HI PPR GRIS 32MMX1&#8243;"},"content":{"rendered":"<p><span>El Terminal HI PPR Gris 32 mm x 1\u201d Tianyan es un accesorio de tuber\u00eda utilizado para finalizar o conectar una tuber\u00eda de polipropileno random copol\u00edmero (PPR) a un componente con rosca externa. Este terminal tiene un extremo de 32 mm para soldar con tuber\u00edas de PPR y un extremo roscado de 1\u201d para conectar a accesorios o tuber\u00edas met\u00e1licas. Fabricado en PPR de color gris, es resistente a la corrosi\u00f3n y a altas temperaturas, ideal para sistemas de agua potable y calefacci\u00f3n.<\/span><\/p>\n","protected":false},"excerpt":{"rendered":"<p>El Terminal HI PPR Gris 32 mm x 1\u201d Tianyan es un accesorio de tuber\u00eda utilizado para finalizar o conectar una tuber\u00eda de polipropileno random copol\u00edmero (PPR) a un componente con rosca externa. Este terminal tiene un extremo de 32 mm para soldar con tuber\u00edas de PPR y un extremo roscado de 1\u201d para conectar&#8230;<\/p>\n","protected":false},"featured_media":11909,"template":"","meta":[],"product_brand":[],"product_cat":[204,210,203],"product_tag":[],"class_list":{"0":"post-11910","1":"product","2":"type-product","3":"status-publish","4":"has-post-thumbnail","6":"product_cat-canerias-y-fitting","7":"product_cat-fitting-ppr","8":"product_cat-gasfiteria","10":"first","11":"outofstock","12":"shipping-taxable","13":"purchasable","14":"product-type-simple"},"_links":{"self":[{"href":"https:\/\/ferrepuertochile.cl\/index.php\/wp-json\/wp\/v2\/product\/11910","targetHints":{"allow":["GET"]}}],"collection":[{"href":"https:\/\/ferrepuertochile.cl\/index.php\/wp-json\/wp\/v2\/product"}],"about":[{"href":"https:\/\/ferrepuertochile.cl\/index.php\/wp-json\/wp\/v2\/types\/product"}],"wp:featuredmedia":[{"embeddable":true,"href":"https:\/\/ferrepuertochile.cl\/index.php\/wp-json\/wp\/v2\/media\/11909"}],"wp:attachment":[{"href":"https:\/\/ferrepuertochile.cl\/index.php\/wp-json\/wp\/v2\/media?parent=11910"}],"wp:term":[{"taxonomy":"product_brand","embeddable":true,"href":"https:\/\/ferrepuertochile.cl\/index.php\/wp-json\/wp\/v2\/product_brand?post=11910"},{"taxonomy":"product_cat","embeddable":true,"href":"https:\/\/ferrepuertochile.cl\/index.php\/wp-json\/wp\/v2\/product_cat?post=11910"},{"taxonomy":"product_tag","embeddable":true,"href":"https:\/\/ferrepuertochile.cl\/index.php\/wp-json\/wp\/v2\/product_tag?post=11910"}],"curies":[{"name":"wp","href":"https:\/\/api.w.org\/{rel}","templated":true}]}}