{"id":11882,"date":"2026-01-19T17:20:14","date_gmt":"2026-01-19T20:20:14","guid":{"rendered":"https:\/\/ferrepuertochile.cl\/?post_type=product&#038;p=11882"},"modified":"2026-01-19T17:20:14","modified_gmt":"2026-01-19T20:20:14","slug":"sikagrout-25kg-212","status":"publish","type":"product","link":"https:\/\/ferrepuertochile.cl\/index.php\/producto\/sikagrout-25kg-212\/","title":{"rendered":"SIKAGROUT 25KG &#8211; 212"},"content":{"rendered":"<p>El SikaGrout 212 en saco de 25 <span>es un mortero cementico pre-dosificado, de alta resistencia y gran fluidez, sin cloruro ni componentes metalicos,<\/span><span>\u00a0ideal para nivelar y anclar maquinaria pesada, bases de acero, columnas, pernos y reparaciones estructurales en hormig\u00f3n, ofreciendo altas resistencias mec\u00e1nicas y excelente adherencia<\/span><span>. Solo necesita a\u00f1adir agua para preparar una mezcla que puede verterse o bombe.<\/span><span class=\"uJ19be notranslate\" data-wiz-uids=\"clmmaf_d\" data-processed=\"true\"><span class=\"vKEkVd\" data-animation-atomic=\"\" data-wiz-attrbind=\"class=clmmaf_c\/TKHnVd\" data-processed=\"true\">\u00a0<\/span><\/span><\/p>\n","protected":false},"excerpt":{"rendered":"<p>El SikaGrout 212 en saco de 25 es un mortero cementico pre-dosificado, de alta resistencia y gran fluidez, sin cloruro ni componentes metalicos,\u00a0ideal para nivelar y anclar maquinaria pesada, bases de acero, columnas, pernos y reparaciones estructurales en hormig\u00f3n, ofreciendo altas resistencias mec\u00e1nicas y excelente adherencia. Solo necesita a\u00f1adir agua para preparar una mezcla que&#8230;<\/p>\n","protected":false},"featured_media":11883,"template":"","meta":[],"product_brand":[],"product_cat":[114,145,146,148,150,15],"product_tag":[],"class_list":{"0":"post-11882","1":"product","2":"type-product","3":"status-publish","4":"has-post-thumbnail","6":"product_cat-construccion","7":"product_cat-materiales-de-obra","8":"product_cat-cementos","9":"product_cat-morteros","10":"product_cat-aditivos-para-cemento","11":"product_cat-sin-categorizar","13":"first","14":"outofstock","15":"shipping-taxable","16":"purchasable","17":"product-type-simple"},"_links":{"self":[{"href":"https:\/\/ferrepuertochile.cl\/index.php\/wp-json\/wp\/v2\/product\/11882","targetHints":{"allow":["GET"]}}],"collection":[{"href":"https:\/\/ferrepuertochile.cl\/index.php\/wp-json\/wp\/v2\/product"}],"about":[{"href":"https:\/\/ferrepuertochile.cl\/index.php\/wp-json\/wp\/v2\/types\/product"}],"wp:featuredmedia":[{"embeddable":true,"href":"https:\/\/ferrepuertochile.cl\/index.php\/wp-json\/wp\/v2\/media\/11883"}],"wp:attachment":[{"href":"https:\/\/ferrepuertochile.cl\/index.php\/wp-json\/wp\/v2\/media?parent=11882"}],"wp:term":[{"taxonomy":"product_brand","embeddable":true,"href":"https:\/\/ferrepuertochile.cl\/index.php\/wp-json\/wp\/v2\/product_brand?post=11882"},{"taxonomy":"product_cat","embeddable":true,"href":"https:\/\/ferrepuertochile.cl\/index.php\/wp-json\/wp\/v2\/product_cat?post=11882"},{"taxonomy":"product_tag","embeddable":true,"href":"https:\/\/ferrepuertochile.cl\/index.php\/wp-json\/wp\/v2\/product_tag?post=11882"}],"curies":[{"name":"wp","href":"https:\/\/api.w.org\/{rel}","templated":true}]}}