{"id":11868,"date":"2026-01-19T12:55:13","date_gmt":"2026-01-19T15:55:13","guid":{"rendered":"https:\/\/ferrepuertochile.cl\/?post_type=product&#038;p=11868"},"modified":"2026-01-19T12:55:13","modified_gmt":"2026-01-19T15:55:13","slug":"rex-pintura-spray-fluorescente-amarillo-400-ml","status":"publish","type":"product","link":"https:\/\/ferrepuertochile.cl\/index.php\/producto\/rex-pintura-spray-fluorescente-amarillo-400-ml\/","title":{"rendered":"REX PINTURA SPRAY FLUORESCENTE, AMARILLO, 400 ML"},"content":{"rendered":"<p><span>El REX Spray Color Fluorescente es una pintura acr\u00edlica de secado r\u00e1pido que proporciona un efecto metalizado brillante. Ideal para manualidades, decoraci\u00f3n y proyectos industriales, funciona sobre madera, cer\u00e1mica, metal y otras superficies, garantizando alta adherencia y un acabado profesional.<\/span><\/p>\n<p><span>F\u00e1cil de aplicar y uniforme. Excelente adherencia en m\u00faltiples superficies. Uso interior y exterior. seguro y ecol\u00f3gico, libre de plomo y CFC. cubre hasta 1,5 m\u00b2 por envase.<\/span><\/p>\n","protected":false},"excerpt":{"rendered":"<p>El REX Spray Color Fluorescente es una pintura acr\u00edlica de secado r\u00e1pido que proporciona un efecto metalizado brillante. Ideal para manualidades, decoraci\u00f3n y proyectos industriales, funciona sobre madera, cer\u00e1mica, metal y otras superficies, garantizando alta adherencia y un acabado profesional. F\u00e1cil de aplicar y uniforme. Excelente adherencia en m\u00faltiples superficies. Uso interior y exterior. seguro&#8230;<\/p>\n","protected":false},"featured_media":11869,"template":"","meta":[],"product_brand":[],"product_cat":[269,270,275,15],"product_tag":[],"class_list":{"0":"post-11868","1":"product","2":"type-product","3":"status-publish","4":"has-post-thumbnail","6":"product_cat-pinturas-y-terminaciones","7":"product_cat-todo-pinturas","8":"product_cat-pintura-en-spray","9":"product_cat-sin-categorizar","11":"first","12":"outofstock","13":"shipping-taxable","14":"purchasable","15":"product-type-simple"},"_links":{"self":[{"href":"https:\/\/ferrepuertochile.cl\/index.php\/wp-json\/wp\/v2\/product\/11868","targetHints":{"allow":["GET"]}}],"collection":[{"href":"https:\/\/ferrepuertochile.cl\/index.php\/wp-json\/wp\/v2\/product"}],"about":[{"href":"https:\/\/ferrepuertochile.cl\/index.php\/wp-json\/wp\/v2\/types\/product"}],"wp:featuredmedia":[{"embeddable":true,"href":"https:\/\/ferrepuertochile.cl\/index.php\/wp-json\/wp\/v2\/media\/11869"}],"wp:attachment":[{"href":"https:\/\/ferrepuertochile.cl\/index.php\/wp-json\/wp\/v2\/media?parent=11868"}],"wp:term":[{"taxonomy":"product_brand","embeddable":true,"href":"https:\/\/ferrepuertochile.cl\/index.php\/wp-json\/wp\/v2\/product_brand?post=11868"},{"taxonomy":"product_cat","embeddable":true,"href":"https:\/\/ferrepuertochile.cl\/index.php\/wp-json\/wp\/v2\/product_cat?post=11868"},{"taxonomy":"product_tag","embeddable":true,"href":"https:\/\/ferrepuertochile.cl\/index.php\/wp-json\/wp\/v2\/product_tag?post=11868"}],"curies":[{"name":"wp","href":"https:\/\/api.w.org\/{rel}","templated":true}]}}