{"id":11547,"date":"2025-10-14T11:08:12","date_gmt":"2025-10-14T14:08:12","guid":{"rendered":"https:\/\/ferrepuertochile.cl\/?post_type=product&#038;p=11547"},"modified":"2025-12-31T10:34:09","modified_gmt":"2025-12-31T13:34:09","slug":"cincel-plano-hex-30-x-410-x-40mm-total","status":"publish","type":"product","link":"https:\/\/ferrepuertochile.cl\/index.php\/producto\/cincel-plano-hex-30-x-410-x-40mm-total\/","title":{"rendered":"CINCEL PLANO HEX 30 x 410 x 40mm TOTAL"},"content":{"rendered":"<ul>\n<li>Fabricado en acero de cromo molibdeno resistente.<\/li>\n<li>Ideal para trabajos de demolici\u00f3n y cincelado.<\/li>\n<li>\u00d3ptimo para hormig\u00f3n y mamposter\u00eda.<\/li>\n<li>Tama\u00f1o: 30 x 410 x 40mm, amplio alcance.<\/li>\n<\/ul>\n","protected":false},"excerpt":{"rendered":"<p>Fabricado en acero de cromo molibdeno resistente. Ideal para trabajos de demolici\u00f3n y cincelado. \u00d3ptimo para hormig\u00f3n y mamposter\u00eda. Tama\u00f1o: 30 x 410 x 40mm, amplio alcance.<\/p>\n","protected":false},"featured_media":11548,"template":"","meta":[],"product_brand":[],"product_cat":[587,257,263,114],"product_tag":[],"class_list":{"0":"post-11547","1":"product","2":"type-product","3":"status-publish","4":"has-post-thumbnail","6":"product_cat-accesorios-para-herramientas","7":"product_cat-herramientas-electricas-herramientas","8":"product_cat-rotomartillos-y-demoledores","9":"product_cat-construccion","11":"first","12":"outofstock","13":"shipping-taxable","14":"purchasable","15":"product-type-simple"},"_links":{"self":[{"href":"https:\/\/ferrepuertochile.cl\/index.php\/wp-json\/wp\/v2\/product\/11547","targetHints":{"allow":["GET"]}}],"collection":[{"href":"https:\/\/ferrepuertochile.cl\/index.php\/wp-json\/wp\/v2\/product"}],"about":[{"href":"https:\/\/ferrepuertochile.cl\/index.php\/wp-json\/wp\/v2\/types\/product"}],"wp:featuredmedia":[{"embeddable":true,"href":"https:\/\/ferrepuertochile.cl\/index.php\/wp-json\/wp\/v2\/media\/11548"}],"wp:attachment":[{"href":"https:\/\/ferrepuertochile.cl\/index.php\/wp-json\/wp\/v2\/media?parent=11547"}],"wp:term":[{"taxonomy":"product_brand","embeddable":true,"href":"https:\/\/ferrepuertochile.cl\/index.php\/wp-json\/wp\/v2\/product_brand?post=11547"},{"taxonomy":"product_cat","embeddable":true,"href":"https:\/\/ferrepuertochile.cl\/index.php\/wp-json\/wp\/v2\/product_cat?post=11547"},{"taxonomy":"product_tag","embeddable":true,"href":"https:\/\/ferrepuertochile.cl\/index.php\/wp-json\/wp\/v2\/product_tag?post=11547"}],"curies":[{"name":"wp","href":"https:\/\/api.w.org\/{rel}","templated":true}]}}