{"id":11371,"date":"2025-07-22T11:12:54","date_gmt":"2025-07-22T14:12:54","guid":{"rendered":"https:\/\/ferrepuertochile.cl\/?post_type=product&#038;p=11371"},"modified":"2026-03-17T15:22:15","modified_gmt":"2026-03-17T18:22:15","slug":"abrazadera-cobre-1-2-2","status":"publish","type":"product","link":"https:\/\/ferrepuertochile.cl\/index.php\/producto\/abrazadera-cobre-1-2-2\/","title":{"rendered":"ABRAZADERA COBRE 1\/2&#8243;"},"content":{"rendered":"<p class=\"content-descriptor-title\"><strong>Descripci\u00f3n<\/strong><\/p>\n<p class=\"content-descriptor-text\">Fabricadas en metal, estas abrazaderas de 1\/2&#8243; son perfectas para asegurar tus ca\u00f1er\u00edas de forma segura y discreta, ocult\u00e1ndolas a la vista y manteniendo la est\u00e9tica de tu hogar. Un paquete de 5 unidades te asegura tener suficiente para tus proyectos, \u00a1compra ahora y termina tus trabajos de plomer\u00eda con eficiencia,<\/p>\n","protected":false},"excerpt":{"rendered":"<p>Descripci\u00f3n Fabricadas en metal, estas abrazaderas de 1\/2&#8243; son perfectas para asegurar tus ca\u00f1er\u00edas de forma segura y discreta, ocult\u00e1ndolas a la vista y manteniendo la est\u00e9tica de tu hogar. Un paquete de 5 unidades te asegura tener suficiente para tus proyectos, \u00a1compra ahora y termina tus trabajos de plomer\u00eda con eficiencia,<\/p>\n","protected":false},"featured_media":11372,"template":"","meta":[],"product_brand":[],"product_cat":[15],"product_tag":[],"class_list":{"0":"post-11371","1":"product","2":"type-product","3":"status-publish","4":"has-post-thumbnail","6":"product_cat-sin-categorizar","8":"first","9":"outofstock","10":"shipping-taxable","11":"purchasable","12":"product-type-simple"},"_links":{"self":[{"href":"https:\/\/ferrepuertochile.cl\/index.php\/wp-json\/wp\/v2\/product\/11371","targetHints":{"allow":["GET"]}}],"collection":[{"href":"https:\/\/ferrepuertochile.cl\/index.php\/wp-json\/wp\/v2\/product"}],"about":[{"href":"https:\/\/ferrepuertochile.cl\/index.php\/wp-json\/wp\/v2\/types\/product"}],"wp:featuredmedia":[{"embeddable":true,"href":"https:\/\/ferrepuertochile.cl\/index.php\/wp-json\/wp\/v2\/media\/11372"}],"wp:attachment":[{"href":"https:\/\/ferrepuertochile.cl\/index.php\/wp-json\/wp\/v2\/media?parent=11371"}],"wp:term":[{"taxonomy":"product_brand","embeddable":true,"href":"https:\/\/ferrepuertochile.cl\/index.php\/wp-json\/wp\/v2\/product_brand?post=11371"},{"taxonomy":"product_cat","embeddable":true,"href":"https:\/\/ferrepuertochile.cl\/index.php\/wp-json\/wp\/v2\/product_cat?post=11371"},{"taxonomy":"product_tag","embeddable":true,"href":"https:\/\/ferrepuertochile.cl\/index.php\/wp-json\/wp\/v2\/product_tag?post=11371"}],"curies":[{"name":"wp","href":"https:\/\/api.w.org\/{rel}","templated":true}]}}