{"id":10960,"date":"2024-07-25T17:09:14","date_gmt":"2024-07-25T20:09:14","guid":{"rendered":"https:\/\/ferrepuertochile.cl\/?post_type=product&#038;p=10960"},"modified":"2025-05-21T12:08:29","modified_gmt":"2025-05-21T15:08:29","slug":"tesamoll-perfil-i-blanco-6mx9mm-marcos-puertas-y-ventanas-tesa","status":"publish","type":"product","link":"https:\/\/ferrepuertochile.cl\/index.php\/producto\/tesamoll-perfil-i-blanco-6mx9mm-marcos-puertas-y-ventanas-tesa\/","title":{"rendered":"Tesamoll Perfil I Blanco 6 Mts X 9 Mm (Marcos Puertas Y Ventanas) Tesa"},"content":{"rendered":"<p>A lo largo del tiempo, los marcos de las ventanas pierden su resistencia y su capacidad de bloquear de forma fiable el aire fr\u00edo. El Perfil P de tesamoll es un burlete autoadhesivo hecho especialmente para cerrar esos huecos ocultos t\u00edpicos de las ventanas m\u00e1s antiguas. S\u00f3lo ha de adherirse a lo largo del marco de la ventana para que proporcione un efecto de sellado de larga duraci\u00f3n con el que poder ahorrar hasta un 35 % en su cuenta de energ\u00eda. Dise\u00f1ado para el aislamiento de entre 2mm a 5mm, el burlete asegura que funcione perfectamente durante al menos 8 a\u00f1os.<\/p>\n<p>IMPORTANTE \/ Leer para una correcta instalaci\u00f3n \/ Leer instrucciones antes de instalar:<\/p>\n<p>1) Limpiar la superficie de cualquier suciedad o polvo que pudiese haber, se recomienda usar alcohol para un secado m\u00e1s r\u00e1pido.<\/p>\n<p>2) Una vez que la superficie est\u00e9 limpia y seca, quitar el adhesivo del producto.<\/p>\n<p>3) Una vez quitado el adhesivo, pegar fuertemente sobre la superficie.<\/p>\n<p>4) Una vez pegado, presione el adhesivo sobre la superficie con el pulgar para una mayor adhesi\u00f3n.<\/p>\n<p>5) Una vez presionado con el pulgar, esperar unos minutos para que el adhesivo haga su efecto completo.<\/p>\n<p>&nbsp;<\/p>\n","protected":false},"excerpt":{"rendered":"<p>A lo largo del tiempo, los marcos de las ventanas pierden su resistencia y su capacidad de bloquear de forma fiable el aire fr\u00edo. El Perfil P de tesamoll es un burlete autoadhesivo hecho especialmente para cerrar esos huecos ocultos t\u00edpicos de las ventanas m\u00e1s antiguas. S\u00f3lo ha de adherirse a lo largo del marco&#8230;<\/p>\n","protected":false},"featured_media":10962,"template":"","meta":[],"product_brand":[],"product_cat":[172],"product_tag":[],"class_list":{"0":"post-10960","1":"product","2":"type-product","3":"status-publish","4":"has-post-thumbnail","6":"product_cat-cerraduras-y-quincalleria","8":"first","9":"instock","10":"shipping-taxable","11":"purchasable","12":"product-type-simple"},"_links":{"self":[{"href":"https:\/\/ferrepuertochile.cl\/index.php\/wp-json\/wp\/v2\/product\/10960","targetHints":{"allow":["GET"]}}],"collection":[{"href":"https:\/\/ferrepuertochile.cl\/index.php\/wp-json\/wp\/v2\/product"}],"about":[{"href":"https:\/\/ferrepuertochile.cl\/index.php\/wp-json\/wp\/v2\/types\/product"}],"wp:featuredmedia":[{"embeddable":true,"href":"https:\/\/ferrepuertochile.cl\/index.php\/wp-json\/wp\/v2\/media\/10962"}],"wp:attachment":[{"href":"https:\/\/ferrepuertochile.cl\/index.php\/wp-json\/wp\/v2\/media?parent=10960"}],"wp:term":[{"taxonomy":"product_brand","embeddable":true,"href":"https:\/\/ferrepuertochile.cl\/index.php\/wp-json\/wp\/v2\/product_brand?post=10960"},{"taxonomy":"product_cat","embeddable":true,"href":"https:\/\/ferrepuertochile.cl\/index.php\/wp-json\/wp\/v2\/product_cat?post=10960"},{"taxonomy":"product_tag","embeddable":true,"href":"https:\/\/ferrepuertochile.cl\/index.php\/wp-json\/wp\/v2\/product_tag?post=10960"}],"curies":[{"name":"wp","href":"https:\/\/api.w.org\/{rel}","templated":true}]}}