{"id":10923,"date":"2024-07-25T13:24:47","date_gmt":"2024-07-25T16:24:47","guid":{"rendered":"https:\/\/ferrepuertochile.cl\/?post_type=product&#038;p=10923"},"modified":"2025-03-10T12:05:26","modified_gmt":"2025-03-10T15:05:26","slug":"fitting-universal-manilla-plastica-cromada-caja-fanaloza","status":"publish","type":"product","link":"https:\/\/ferrepuertochile.cl\/index.php\/producto\/fitting-universal-manilla-plastica-cromada-caja-fanaloza\/","title":{"rendered":"Fitting Universal Manilla Pl\u00e1stica Cromada Caja Fanaloza"},"content":{"rendered":"<div id=\"product-description-short-207\">\n<p>Fitting universal manilla pl\u00e1stica cromada, con v\u00e1lvula de admisi\u00f3n antisif\u00f3nica.<\/p>\n<p>Para tanques con entrada de agua inferior de 15\/16&#8243;. Con v\u00e1lvula de descarga universal de 7&#8243; de altura y salida de 2&#8243;.<\/p>\n<p>Flapper con tirante<\/p>\n<p>Goma esponja<\/p>\n<p>Pernos de fijaci\u00f3n tanque-taza<\/p>\n<p><span style=\"letter-spacing: 0em\">Marca Fanaloza<\/span><\/p>\n<\/div>\n","protected":false},"excerpt":{"rendered":"<p>Fitting universal manilla pl\u00e1stica cromada, con v\u00e1lvula de admisi\u00f3n antisif\u00f3nica. Para tanques con entrada de agua inferior de 15\/16&#8243;. Con v\u00e1lvula de descarga universal de 7&#8243; de altura y salida de 2&#8243;. Flapper con tirante Goma esponja Pernos de fijaci\u00f3n tanque-taza Marca Fanaloza<\/p>\n","protected":false},"featured_media":10924,"template":"","meta":[],"product_brand":[],"product_cat":[543],"product_tag":[],"class_list":{"0":"post-10923","1":"product","2":"type-product","3":"status-publish","4":"has-post-thumbnail","6":"product_cat-bano-y-cocina","8":"first","9":"instock","10":"shipping-taxable","11":"purchasable","12":"product-type-simple"},"_links":{"self":[{"href":"https:\/\/ferrepuertochile.cl\/index.php\/wp-json\/wp\/v2\/product\/10923","targetHints":{"allow":["GET"]}}],"collection":[{"href":"https:\/\/ferrepuertochile.cl\/index.php\/wp-json\/wp\/v2\/product"}],"about":[{"href":"https:\/\/ferrepuertochile.cl\/index.php\/wp-json\/wp\/v2\/types\/product"}],"wp:featuredmedia":[{"embeddable":true,"href":"https:\/\/ferrepuertochile.cl\/index.php\/wp-json\/wp\/v2\/media\/10924"}],"wp:attachment":[{"href":"https:\/\/ferrepuertochile.cl\/index.php\/wp-json\/wp\/v2\/media?parent=10923"}],"wp:term":[{"taxonomy":"product_brand","embeddable":true,"href":"https:\/\/ferrepuertochile.cl\/index.php\/wp-json\/wp\/v2\/product_brand?post=10923"},{"taxonomy":"product_cat","embeddable":true,"href":"https:\/\/ferrepuertochile.cl\/index.php\/wp-json\/wp\/v2\/product_cat?post=10923"},{"taxonomy":"product_tag","embeddable":true,"href":"https:\/\/ferrepuertochile.cl\/index.php\/wp-json\/wp\/v2\/product_tag?post=10923"}],"curies":[{"name":"wp","href":"https:\/\/api.w.org\/{rel}","templated":true}]}}