{"id":10864,"date":"2024-07-24T18:07:10","date_gmt":"2024-07-24T21:07:10","guid":{"rendered":"https:\/\/ferrepuertochile.cl\/?post_type=product&#038;p=10864"},"modified":"2025-03-10T12:05:25","modified_gmt":"2025-03-10T15:05:25","slug":"picaporte-c-perforacion-para-candado-70mm-a-zn-display-c-tornillos-lioi","status":"publish","type":"product","link":"https:\/\/ferrepuertochile.cl\/index.php\/producto\/picaporte-c-perforacion-para-candado-70mm-a-zn-display-c-tornillos-lioi\/","title":{"rendered":"Picaporte Con Perforaci\u00f3n Para Candado 70 Mm Acero Zincado Display Con Tornillos Lioi"},"content":{"rendered":"<p>Picaporte con perforaci\u00f3n para candado l\u00ednea 1454 zincado 7 mm. Con y sin tornillos.<\/p>\n","protected":false},"excerpt":{"rendered":"<p>Picaporte con perforaci\u00f3n para candado l\u00ednea 1454 zincado 7 mm. Con y sin tornillos.<\/p>\n","protected":false},"featured_media":10865,"template":"","meta":[],"product_brand":[],"product_cat":[391],"product_tag":[],"class_list":{"0":"post-10864","1":"product","2":"type-product","3":"status-publish","4":"has-post-thumbnail","6":"product_cat-cerraduras-y-candados-digitales","8":"first","9":"instock","10":"shipping-taxable","11":"purchasable","12":"product-type-simple"},"_links":{"self":[{"href":"https:\/\/ferrepuertochile.cl\/index.php\/wp-json\/wp\/v2\/product\/10864","targetHints":{"allow":["GET"]}}],"collection":[{"href":"https:\/\/ferrepuertochile.cl\/index.php\/wp-json\/wp\/v2\/product"}],"about":[{"href":"https:\/\/ferrepuertochile.cl\/index.php\/wp-json\/wp\/v2\/types\/product"}],"wp:featuredmedia":[{"embeddable":true,"href":"https:\/\/ferrepuertochile.cl\/index.php\/wp-json\/wp\/v2\/media\/10865"}],"wp:attachment":[{"href":"https:\/\/ferrepuertochile.cl\/index.php\/wp-json\/wp\/v2\/media?parent=10864"}],"wp:term":[{"taxonomy":"product_brand","embeddable":true,"href":"https:\/\/ferrepuertochile.cl\/index.php\/wp-json\/wp\/v2\/product_brand?post=10864"},{"taxonomy":"product_cat","embeddable":true,"href":"https:\/\/ferrepuertochile.cl\/index.php\/wp-json\/wp\/v2\/product_cat?post=10864"},{"taxonomy":"product_tag","embeddable":true,"href":"https:\/\/ferrepuertochile.cl\/index.php\/wp-json\/wp\/v2\/product_tag?post=10864"}],"curies":[{"name":"wp","href":"https:\/\/api.w.org\/{rel}","templated":true}]}}