{"id":10848,"date":"2024-07-24T17:03:04","date_gmt":"2024-07-24T20:03:04","guid":{"rendered":"https:\/\/ferrepuertochile.cl\/?post_type=product&#038;p=10848"},"modified":"2025-03-10T12:05:24","modified_gmt":"2025-03-10T15:05:24","slug":"cerradura-poli-cilindrica-sfera-simple-pasoinoxidable-bt","status":"publish","type":"product","link":"https:\/\/ferrepuertochile.cl\/index.php\/producto\/cerradura-poli-cilindrica-sfera-simple-pasoinoxidable-bt\/","title":{"rendered":"Cerradura Cil\u00edndrica Sfera Simple Paso Inoxidable Bt Poli"},"content":{"rendered":"<p>-Cerradura cil\u00edndrica para puertas.<\/p>\n<p>-Funci\u00f3n: para puertas de ba\u00f1o y dormitorios de ni\u00f1os.<\/p>\n<p>-Acceso: Pomo exterior con ranura de emergencia \/ Pomo interior con bot\u00f3n<\/p>\n<p>-Pomo y roseta fabricados en acero inoxidable<\/p>\n<p>-Puertas de 35 a 55 mm de espesor.<\/p>\n<p>-Backset de 60 mm.<\/p>\n<p>-Picaporte terminaci\u00f3n inoxidable<\/p>\n<p>-Frontal de acero inoxidable<\/p>\n<p>-Contra frontal acero inoxidable<\/p>\n","protected":false},"excerpt":{"rendered":"<p>-Cerradura cil\u00edndrica para puertas. -Funci\u00f3n: para puertas de ba\u00f1o y dormitorios de ni\u00f1os. -Acceso: Pomo exterior con ranura de emergencia \/ Pomo interior con bot\u00f3n -Pomo y roseta fabricados en acero inoxidable -Puertas de 35 a 55 mm de espesor. -Backset de 60 mm. -Picaporte terminaci\u00f3n inoxidable -Frontal de acero inoxidable -Contra frontal acero inoxidable<\/p>\n","protected":false},"featured_media":10849,"template":"","meta":[],"product_brand":[],"product_cat":[391],"product_tag":[],"class_list":{"0":"post-10848","1":"product","2":"type-product","3":"status-publish","4":"has-post-thumbnail","6":"product_cat-cerraduras-y-candados-digitales","8":"first","9":"instock","10":"shipping-taxable","11":"purchasable","12":"product-type-simple"},"_links":{"self":[{"href":"https:\/\/ferrepuertochile.cl\/index.php\/wp-json\/wp\/v2\/product\/10848","targetHints":{"allow":["GET"]}}],"collection":[{"href":"https:\/\/ferrepuertochile.cl\/index.php\/wp-json\/wp\/v2\/product"}],"about":[{"href":"https:\/\/ferrepuertochile.cl\/index.php\/wp-json\/wp\/v2\/types\/product"}],"wp:featuredmedia":[{"embeddable":true,"href":"https:\/\/ferrepuertochile.cl\/index.php\/wp-json\/wp\/v2\/media\/10849"}],"wp:attachment":[{"href":"https:\/\/ferrepuertochile.cl\/index.php\/wp-json\/wp\/v2\/media?parent=10848"}],"wp:term":[{"taxonomy":"product_brand","embeddable":true,"href":"https:\/\/ferrepuertochile.cl\/index.php\/wp-json\/wp\/v2\/product_brand?post=10848"},{"taxonomy":"product_cat","embeddable":true,"href":"https:\/\/ferrepuertochile.cl\/index.php\/wp-json\/wp\/v2\/product_cat?post=10848"},{"taxonomy":"product_tag","embeddable":true,"href":"https:\/\/ferrepuertochile.cl\/index.php\/wp-json\/wp\/v2\/product_tag?post=10848"}],"curies":[{"name":"wp","href":"https:\/\/api.w.org\/{rel}","templated":true}]}}