{"id":10810,"date":"2024-07-24T13:27:36","date_gmt":"2024-07-24T16:27:36","guid":{"rendered":"https:\/\/ferrepuertochile.cl\/?post_type=product&#038;p=10810"},"modified":"2025-03-10T12:05:24","modified_gmt":"2025-03-10T15:05:24","slug":"rex-sellador-acrilico-blanco-cartucho-300-ml","status":"publish","type":"product","link":"https:\/\/ferrepuertochile.cl\/index.php\/producto\/rex-sellador-acrilico-blanco-cartucho-300-ml\/","title":{"rendered":"Sellador Acr\u00edlico Blanco Cartucho 300 ml Rex"},"content":{"rendered":"<p>Rex Sellante acr\u00edlico es un sellador tixotr\u00f3pico mono-componente, de uso general y anti-hongo. Su curaci\u00f3n ocurre en temperatura ambiente y en la exposici\u00f3n a la humedad del aire. Su flexibilidad de larga duraci\u00f3n permite una expansi\u00f3n y contracci\u00f3n continua sin agrietarse ni encogerse. No contiene solventes, pintable, flexible sin grietas, buena resistencia a la intemperie y estabilidad UV, excelente maniobrabilidad (5\u00b0C a 50\u00b0C), buena adhesi\u00f3n a madera, hormig\u00f3n, metal y m\u00e1rmol sin imprimaci\u00f3n.<\/p>\n<p>Contenido 300 ml, marca Rex.<\/p>\n<p>&nbsp;<\/p>\n","protected":false},"excerpt":{"rendered":"<p>Rex Sellante acr\u00edlico es un sellador tixotr\u00f3pico mono-componente, de uso general y anti-hongo. Su curaci\u00f3n ocurre en temperatura ambiente y en la exposici\u00f3n a la humedad del aire. Su flexibilidad de larga duraci\u00f3n permite una expansi\u00f3n y contracci\u00f3n continua sin agrietarse ni encogerse. No contiene solventes, pintable, flexible sin grietas, buena resistencia a la intemperie&#8230;<\/p>\n","protected":false},"featured_media":10811,"template":"","meta":[],"product_brand":[],"product_cat":[357],"product_tag":[],"class_list":{"0":"post-10810","1":"product","2":"type-product","3":"status-publish","4":"has-post-thumbnail","6":"product_cat-siliconas-y-selladores","8":"first","9":"instock","10":"shipping-taxable","11":"purchasable","12":"product-type-simple"},"_links":{"self":[{"href":"https:\/\/ferrepuertochile.cl\/index.php\/wp-json\/wp\/v2\/product\/10810","targetHints":{"allow":["GET"]}}],"collection":[{"href":"https:\/\/ferrepuertochile.cl\/index.php\/wp-json\/wp\/v2\/product"}],"about":[{"href":"https:\/\/ferrepuertochile.cl\/index.php\/wp-json\/wp\/v2\/types\/product"}],"wp:featuredmedia":[{"embeddable":true,"href":"https:\/\/ferrepuertochile.cl\/index.php\/wp-json\/wp\/v2\/media\/10811"}],"wp:attachment":[{"href":"https:\/\/ferrepuertochile.cl\/index.php\/wp-json\/wp\/v2\/media?parent=10810"}],"wp:term":[{"taxonomy":"product_brand","embeddable":true,"href":"https:\/\/ferrepuertochile.cl\/index.php\/wp-json\/wp\/v2\/product_brand?post=10810"},{"taxonomy":"product_cat","embeddable":true,"href":"https:\/\/ferrepuertochile.cl\/index.php\/wp-json\/wp\/v2\/product_cat?post=10810"},{"taxonomy":"product_tag","embeddable":true,"href":"https:\/\/ferrepuertochile.cl\/index.php\/wp-json\/wp\/v2\/product_tag?post=10810"}],"curies":[{"name":"wp","href":"https:\/\/api.w.org\/{rel}","templated":true}]}}