{"id":10808,"date":"2024-07-24T13:22:14","date_gmt":"2024-07-24T16:22:14","guid":{"rendered":"https:\/\/ferrepuertochile.cl\/?post_type=product&#038;p=10808"},"modified":"2025-03-10T12:05:24","modified_gmt":"2025-03-10T15:05:24","slug":"rex-silicona-alta-temperatura-rojo-cartucho-300-ml","status":"publish","type":"product","link":"https:\/\/ferrepuertochile.cl\/index.php\/producto\/rex-silicona-alta-temperatura-rojo-cartucho-300-ml\/","title":{"rendered":"Silicona Alta Temperatura Rojo Cartucho 300 Ml Rex"},"content":{"rendered":"<p>Silicona Alta temperatura color Rojo. Resistente al calor. Excelente Adherencia Flexible.\u00a0 Resistente al aceite y al refrigerante.\u00a0 Autonivelable. Silicona mono-componente que vulcaniza a temperatura ambiente. Compuesto elastom\u00e9rico, formador de juntas instant\u00e1neas para ensamblajes mec\u00e1nicos. Se dosifica y cura instant\u00e1neamente en aplicaciones \u201cspot\u201d, sellando y prolongando la vida \u00fatil del equipo. Cura en forma natural al exponerlo a la humedad del aire para formar una uni\u00f3n tenaz, resistente al aceite, impermeable y flexible, resiste el envejecimiento, la intemperie y los ciclos t\u00e9rmicos, sin endurecer, contraerse o agrietarse.<\/p>\n<p>Contenido 300 ml, marca Rex.<\/p>\n<p>&nbsp;<\/p>\n","protected":false},"excerpt":{"rendered":"<p>Silicona Alta temperatura color Rojo. Resistente al calor. Excelente Adherencia Flexible.\u00a0 Resistente al aceite y al refrigerante.\u00a0 Autonivelable. Silicona mono-componente que vulcaniza a temperatura ambiente. Compuesto elastom\u00e9rico, formador de juntas instant\u00e1neas para ensamblajes mec\u00e1nicos. Se dosifica y cura instant\u00e1neamente en aplicaciones \u201cspot\u201d, sellando y prolongando la vida \u00fatil del equipo. Cura en forma natural al&#8230;<\/p>\n","protected":false},"featured_media":10809,"template":"","meta":[],"product_brand":[],"product_cat":[361,357],"product_tag":[],"class_list":{"0":"post-10808","1":"product","2":"type-product","3":"status-publish","4":"has-post-thumbnail","6":"product_cat-siliconas","7":"product_cat-siliconas-y-selladores","9":"first","10":"instock","11":"shipping-taxable","12":"purchasable","13":"product-type-simple"},"_links":{"self":[{"href":"https:\/\/ferrepuertochile.cl\/index.php\/wp-json\/wp\/v2\/product\/10808","targetHints":{"allow":["GET"]}}],"collection":[{"href":"https:\/\/ferrepuertochile.cl\/index.php\/wp-json\/wp\/v2\/product"}],"about":[{"href":"https:\/\/ferrepuertochile.cl\/index.php\/wp-json\/wp\/v2\/types\/product"}],"wp:featuredmedia":[{"embeddable":true,"href":"https:\/\/ferrepuertochile.cl\/index.php\/wp-json\/wp\/v2\/media\/10809"}],"wp:attachment":[{"href":"https:\/\/ferrepuertochile.cl\/index.php\/wp-json\/wp\/v2\/media?parent=10808"}],"wp:term":[{"taxonomy":"product_brand","embeddable":true,"href":"https:\/\/ferrepuertochile.cl\/index.php\/wp-json\/wp\/v2\/product_brand?post=10808"},{"taxonomy":"product_cat","embeddable":true,"href":"https:\/\/ferrepuertochile.cl\/index.php\/wp-json\/wp\/v2\/product_cat?post=10808"},{"taxonomy":"product_tag","embeddable":true,"href":"https:\/\/ferrepuertochile.cl\/index.php\/wp-json\/wp\/v2\/product_tag?post=10808"}],"curies":[{"name":"wp","href":"https:\/\/api.w.org\/{rel}","templated":true}]}}