{"id":10779,"date":"2024-07-24T11:45:36","date_gmt":"2024-07-24T14:45:36","guid":{"rendered":"https:\/\/ferrepuertochile.cl\/?post_type=product&#038;p=10779"},"modified":"2025-03-10T12:05:23","modified_gmt":"2025-03-10T15:05:23","slug":"sikaseal-120-bano-y-cocina-blanco-cart-300-cc-sika","status":"publish","type":"product","link":"https:\/\/ferrepuertochile.cl\/index.php\/producto\/sikaseal-120-bano-y-cocina-blanco-cart-300-cc-sika\/","title":{"rendered":"Sikaseal 120 Ba\u00f1o Y Cocina Blanco Cartucho 300 Cc Sika"},"content":{"rendered":"<p>SikaSeal -120 Ba\u00f1o y Cocina es un sellador de bajo VOC, flexible, de nuevatecnolog\u00eda Co-Elastic Technology (CET) para uso en interiores para sellar juntas entre diferentes materiales y elementos en ba\u00f1os y cocinas. Posee excelentes propiedades de adhesi\u00f3n y resistencia a la formaci\u00f3n y propagaci\u00f3n de hongos.<\/p>\n<p>Contenido 300 cc, marca Sika.<\/p>\n<p>&nbsp;<\/p>\n","protected":false},"excerpt":{"rendered":"<p>SikaSeal -120 Ba\u00f1o y Cocina es un sellador de bajo VOC, flexible, de nuevatecnolog\u00eda Co-Elastic Technology (CET) para uso en interiores para sellar juntas entre diferentes materiales y elementos en ba\u00f1os y cocinas. Posee excelentes propiedades de adhesi\u00f3n y resistencia a la formaci\u00f3n y propagaci\u00f3n de hongos. Contenido 300 cc, marca Sika. &nbsp;<\/p>\n","protected":false},"featured_media":10780,"template":"","meta":[],"product_brand":[],"product_cat":[543,360,357],"product_tag":[],"class_list":{"0":"post-10779","1":"product","2":"type-product","3":"status-publish","4":"has-post-thumbnail","6":"product_cat-bano-y-cocina","7":"product_cat-selladores","8":"product_cat-siliconas-y-selladores","10":"first","11":"instock","12":"shipping-taxable","13":"purchasable","14":"product-type-simple"},"_links":{"self":[{"href":"https:\/\/ferrepuertochile.cl\/index.php\/wp-json\/wp\/v2\/product\/10779","targetHints":{"allow":["GET"]}}],"collection":[{"href":"https:\/\/ferrepuertochile.cl\/index.php\/wp-json\/wp\/v2\/product"}],"about":[{"href":"https:\/\/ferrepuertochile.cl\/index.php\/wp-json\/wp\/v2\/types\/product"}],"wp:featuredmedia":[{"embeddable":true,"href":"https:\/\/ferrepuertochile.cl\/index.php\/wp-json\/wp\/v2\/media\/10780"}],"wp:attachment":[{"href":"https:\/\/ferrepuertochile.cl\/index.php\/wp-json\/wp\/v2\/media?parent=10779"}],"wp:term":[{"taxonomy":"product_brand","embeddable":true,"href":"https:\/\/ferrepuertochile.cl\/index.php\/wp-json\/wp\/v2\/product_brand?post=10779"},{"taxonomy":"product_cat","embeddable":true,"href":"https:\/\/ferrepuertochile.cl\/index.php\/wp-json\/wp\/v2\/product_cat?post=10779"},{"taxonomy":"product_tag","embeddable":true,"href":"https:\/\/ferrepuertochile.cl\/index.php\/wp-json\/wp\/v2\/product_tag?post=10779"}],"curies":[{"name":"wp","href":"https:\/\/api.w.org\/{rel}","templated":true}]}}