{"id":10758,"date":"2024-07-24T10:48:39","date_gmt":"2024-07-24T13:48:39","guid":{"rendered":"https:\/\/ferrepuertochile.cl\/?post_type=product&#038;p=10758"},"modified":"2025-03-10T12:05:22","modified_gmt":"2025-03-10T15:05:22","slug":"adhesivo-pvc-hoffens-20-c-c","status":"publish","type":"product","link":"https:\/\/ferrepuertochile.cl\/index.php\/producto\/adhesivo-pvc-hoffens-20-c-c\/","title":{"rendered":"Adhesivo PVC 20 Cc Hoffens"},"content":{"rendered":"<p>Est\u00e1 formulado para uniones de PVC, tanto tuber\u00edas como fittings, que permiten una soldadura por solvente en fr\u00edo, asegurando un pegado r\u00e1pido y seguro. Es recomendado para instalaciones hidr\u00e1ulicas, sanitarias y el\u00e9ctricas (Conduit).<\/p>\n<p>Contenido 20cc, marca Hoffens.<\/p>\n<p>&nbsp;<\/p>\n","protected":false},"excerpt":{"rendered":"<p>Est\u00e1 formulado para uniones de PVC, tanto tuber\u00edas como fittings, que permiten una soldadura por solvente en fr\u00edo, asegurando un pegado r\u00e1pido y seguro. Es recomendado para instalaciones hidr\u00e1ulicas, sanitarias y el\u00e9ctricas (Conduit). Contenido 20cc, marca Hoffens. &nbsp;<\/p>\n","protected":false},"featured_media":10759,"template":"","meta":[],"product_brand":[],"product_cat":[352],"product_tag":[],"class_list":{"0":"post-10758","1":"product","2":"type-product","3":"status-publish","4":"has-post-thumbnail","6":"product_cat-adhesivos-para-pvc","8":"first","9":"instock","10":"shipping-taxable","11":"purchasable","12":"product-type-simple"},"_links":{"self":[{"href":"https:\/\/ferrepuertochile.cl\/index.php\/wp-json\/wp\/v2\/product\/10758","targetHints":{"allow":["GET"]}}],"collection":[{"href":"https:\/\/ferrepuertochile.cl\/index.php\/wp-json\/wp\/v2\/product"}],"about":[{"href":"https:\/\/ferrepuertochile.cl\/index.php\/wp-json\/wp\/v2\/types\/product"}],"wp:featuredmedia":[{"embeddable":true,"href":"https:\/\/ferrepuertochile.cl\/index.php\/wp-json\/wp\/v2\/media\/10759"}],"wp:attachment":[{"href":"https:\/\/ferrepuertochile.cl\/index.php\/wp-json\/wp\/v2\/media?parent=10758"}],"wp:term":[{"taxonomy":"product_brand","embeddable":true,"href":"https:\/\/ferrepuertochile.cl\/index.php\/wp-json\/wp\/v2\/product_brand?post=10758"},{"taxonomy":"product_cat","embeddable":true,"href":"https:\/\/ferrepuertochile.cl\/index.php\/wp-json\/wp\/v2\/product_cat?post=10758"},{"taxonomy":"product_tag","embeddable":true,"href":"https:\/\/ferrepuertochile.cl\/index.php\/wp-json\/wp\/v2\/product_tag?post=10758"}],"curies":[{"name":"wp","href":"https:\/\/api.w.org\/{rel}","templated":true}]}}