{"id":10738,"date":"2024-07-23T17:24:28","date_gmt":"2024-07-23T20:24:28","guid":{"rendered":"https:\/\/ferrepuertochile.cl\/?post_type=product&#038;p=10738"},"modified":"2024-09-30T10:19:17","modified_gmt":"2024-09-30T13:19:17","slug":"diluyente-duco-plus-botella-1-litro-passol","status":"publish","type":"product","link":"https:\/\/ferrepuertochile.cl\/index.php\/producto\/diluyente-duco-plus-botella-1-litro-passol\/","title":{"rendered":"Diluyente Duco Plus Botella 1 Litro Passol"},"content":{"rendered":"<p>Formulado especialmente para la diluci\u00f3n de lacas y selladores, en una proporci\u00f3n m\u00e1xima de 1:2 en volumen. Se recomienda utilizar en condiciones controladas de temperatura y humedad (Inferiores a 25 \u00b0C y 85 % HR).<\/p>\n<p>Cantidad 1 litro, Marca Passol.<\/p>\n","protected":false},"excerpt":{"rendered":"<p>Formulado especialmente para la diluci\u00f3n de lacas y selladores, en una proporci\u00f3n m\u00e1xima de 1:2 en volumen. Se recomienda utilizar en condiciones controladas de temperatura y humedad (Inferiores a 25 \u00b0C y 85 % HR). Cantidad 1 litro, Marca Passol.<\/p>\n","protected":false},"featured_media":10739,"template":"","meta":[],"product_brand":[],"product_cat":[278,310,309,15],"product_tag":[],"class_list":{"0":"post-10738","1":"product","2":"type-product","3":"status-publish","4":"has-post-thumbnail","6":"product_cat-diluyentes-y-limpiadores","7":"product_cat-diluyentes-solventes-y-limpiadores","8":"product_cat-herramientas-para-pintar","9":"product_cat-sin-categorizar","11":"first","12":"outofstock","13":"shipping-taxable","14":"purchasable","15":"product-type-simple"},"_links":{"self":[{"href":"https:\/\/ferrepuertochile.cl\/index.php\/wp-json\/wp\/v2\/product\/10738","targetHints":{"allow":["GET"]}}],"collection":[{"href":"https:\/\/ferrepuertochile.cl\/index.php\/wp-json\/wp\/v2\/product"}],"about":[{"href":"https:\/\/ferrepuertochile.cl\/index.php\/wp-json\/wp\/v2\/types\/product"}],"wp:featuredmedia":[{"embeddable":true,"href":"https:\/\/ferrepuertochile.cl\/index.php\/wp-json\/wp\/v2\/media\/10739"}],"wp:attachment":[{"href":"https:\/\/ferrepuertochile.cl\/index.php\/wp-json\/wp\/v2\/media?parent=10738"}],"wp:term":[{"taxonomy":"product_brand","embeddable":true,"href":"https:\/\/ferrepuertochile.cl\/index.php\/wp-json\/wp\/v2\/product_brand?post=10738"},{"taxonomy":"product_cat","embeddable":true,"href":"https:\/\/ferrepuertochile.cl\/index.php\/wp-json\/wp\/v2\/product_cat?post=10738"},{"taxonomy":"product_tag","embeddable":true,"href":"https:\/\/ferrepuertochile.cl\/index.php\/wp-json\/wp\/v2\/product_tag?post=10738"}],"curies":[{"name":"wp","href":"https:\/\/api.w.org\/{rel}","templated":true}]}}