{"id":10716,"date":"2024-07-23T14:39:33","date_gmt":"2024-07-23T17:39:33","guid":{"rendered":"https:\/\/ferrepuertochile.cl\/?post_type=product&#038;p=10716"},"modified":"2024-09-30T10:09:21","modified_gmt":"2024-09-30T13:09:21","slug":"rex-pintura-spray-alta-temperatura-negro-400ml","status":"publish","type":"product","link":"https:\/\/ferrepuertochile.cl\/index.php\/producto\/rex-pintura-spray-alta-temperatura-negro-400ml\/","title":{"rendered":"Pintura Spray Alta Temperatura Negro 400 Ml Rex"},"content":{"rendered":"<p>REX Spray ALTA TEMPERATURA Color Negro es una pintura desarrollada con alta tecnolog\u00eda, indicada para aplicaciones en \u00e1reas externas de objetos o superficies met\u00e1licas que se someten a altas temperaturas. Puede ser utilizado en escape de motos, parrillas, fogones, chimeneas y chimeneas. Resiste temperaturas de hasta 600 \u00b0 C.<\/p>\n","protected":false},"excerpt":{"rendered":"<p>REX Spray ALTA TEMPERATURA Color Negro es una pintura desarrollada con alta tecnolog\u00eda, indicada para aplicaciones en \u00e1reas externas de objetos o superficies met\u00e1licas que se someten a altas temperaturas. Puede ser utilizado en escape de motos, parrillas, fogones, chimeneas y chimeneas. Resiste temperaturas de hasta 600 \u00b0 C.<\/p>\n","protected":false},"featured_media":10717,"template":"","meta":[],"product_brand":[],"product_cat":[280,289,275],"product_tag":[],"class_list":{"0":"post-10716","1":"product","2":"type-product","3":"status-publish","4":"has-post-thumbnail","6":"product_cat-pintura-para-interior","7":"product_cat-pinturas-para-exterior","8":"product_cat-pintura-en-spray","10":"first","11":"outofstock","12":"shipping-taxable","13":"purchasable","14":"product-type-simple"},"_links":{"self":[{"href":"https:\/\/ferrepuertochile.cl\/index.php\/wp-json\/wp\/v2\/product\/10716","targetHints":{"allow":["GET"]}}],"collection":[{"href":"https:\/\/ferrepuertochile.cl\/index.php\/wp-json\/wp\/v2\/product"}],"about":[{"href":"https:\/\/ferrepuertochile.cl\/index.php\/wp-json\/wp\/v2\/types\/product"}],"wp:featuredmedia":[{"embeddable":true,"href":"https:\/\/ferrepuertochile.cl\/index.php\/wp-json\/wp\/v2\/media\/10717"}],"wp:attachment":[{"href":"https:\/\/ferrepuertochile.cl\/index.php\/wp-json\/wp\/v2\/media?parent=10716"}],"wp:term":[{"taxonomy":"product_brand","embeddable":true,"href":"https:\/\/ferrepuertochile.cl\/index.php\/wp-json\/wp\/v2\/product_brand?post=10716"},{"taxonomy":"product_cat","embeddable":true,"href":"https:\/\/ferrepuertochile.cl\/index.php\/wp-json\/wp\/v2\/product_cat?post=10716"},{"taxonomy":"product_tag","embeddable":true,"href":"https:\/\/ferrepuertochile.cl\/index.php\/wp-json\/wp\/v2\/product_tag?post=10716"}],"curies":[{"name":"wp","href":"https:\/\/api.w.org\/{rel}","templated":true}]}}