{"id":10526,"date":"2024-07-19T21:54:48","date_gmt":"2024-07-20T00:54:48","guid":{"rendered":"https:\/\/ferrepuertochile.cl\/?post_type=product&#038;p=10526"},"modified":"2024-09-27T16:50:22","modified_gmt":"2024-09-27T19:50:22","slug":"ampolleta-gu10-led-5w-6-500k-lf-vkb","status":"publish","type":"product","link":"https:\/\/ferrepuertochile.cl\/index.php\/producto\/ampolleta-gu10-led-5w-6-500k-lf-vkb\/","title":{"rendered":"Ampolleta Gu10 Led 5w 6.500k Lf Vkb"},"content":{"rendered":"<p>Las essential ledspots son compatibles con la mayor\u00eda de los sistemas existentes con conector gu10 y est\u00e1n dise\u00f1adas para el reemplazo por renovaci\u00f3n de dicroicas halogenas. Las essential ledspots ofrecen grandes ahorros de energ\u00eda y minimizan la inversi\u00f3n inicial<\/p>\n","protected":false},"excerpt":{"rendered":"<p>Las essential ledspots son compatibles con la mayor\u00eda de los sistemas existentes con conector gu10 y est\u00e1n dise\u00f1adas para el reemplazo por renovaci\u00f3n de dicroicas halogenas. Las essential ledspots ofrecen grandes ahorros de energ\u00eda y minimizan la inversi\u00f3n inicial<\/p>\n","protected":false},"featured_media":10527,"template":"","meta":[],"product_brand":[],"product_cat":[535,226],"product_tag":[],"class_list":{"0":"post-10526","1":"product","2":"type-product","3":"status-publish","4":"has-post-thumbnail","6":"product_cat-iluminacion","7":"product_cat-electricidad","9":"first","10":"outofstock","11":"shipping-taxable","12":"purchasable","13":"product-type-simple"},"_links":{"self":[{"href":"https:\/\/ferrepuertochile.cl\/index.php\/wp-json\/wp\/v2\/product\/10526","targetHints":{"allow":["GET"]}}],"collection":[{"href":"https:\/\/ferrepuertochile.cl\/index.php\/wp-json\/wp\/v2\/product"}],"about":[{"href":"https:\/\/ferrepuertochile.cl\/index.php\/wp-json\/wp\/v2\/types\/product"}],"wp:featuredmedia":[{"embeddable":true,"href":"https:\/\/ferrepuertochile.cl\/index.php\/wp-json\/wp\/v2\/media\/10527"}],"wp:attachment":[{"href":"https:\/\/ferrepuertochile.cl\/index.php\/wp-json\/wp\/v2\/media?parent=10526"}],"wp:term":[{"taxonomy":"product_brand","embeddable":true,"href":"https:\/\/ferrepuertochile.cl\/index.php\/wp-json\/wp\/v2\/product_brand?post=10526"},{"taxonomy":"product_cat","embeddable":true,"href":"https:\/\/ferrepuertochile.cl\/index.php\/wp-json\/wp\/v2\/product_cat?post=10526"},{"taxonomy":"product_tag","embeddable":true,"href":"https:\/\/ferrepuertochile.cl\/index.php\/wp-json\/wp\/v2\/product_tag?post=10526"}],"curies":[{"name":"wp","href":"https:\/\/api.w.org\/{rel}","templated":true}]}}