{"id":10499,"date":"2024-07-19T12:35:58","date_gmt":"2024-07-19T15:35:58","guid":{"rendered":"https:\/\/ferrepuertochile.cl\/?post_type=product&#038;p=10499"},"modified":"2025-03-10T12:05:18","modified_gmt":"2025-03-10T15:05:18","slug":"cinta-pasacable-p-hobby-10-mts-kalop","status":"publish","type":"product","link":"https:\/\/ferrepuertochile.cl\/index.php\/producto\/cinta-pasacable-p-hobby-10-mts-kalop\/","title":{"rendered":"Cinta Pasacable P\/Hobby 10 Mts Kalop"},"content":{"rendered":"<p>La cinta Laucha Pasacables Hobbista Kalop de 10 metros es un accesorio indispensable para cualquier aficionado o profesional en la instalaci\u00f3n de cables. Con una resistencia de tracci\u00f3n de hasta 60kg, esta cinta est\u00e1 dise\u00f1ada para resistir las demandas m\u00e1s exigentes.<\/p>\n","protected":false},"excerpt":{"rendered":"<p>La cinta Laucha Pasacables Hobbista Kalop de 10 metros es un accesorio indispensable para cualquier aficionado o profesional en la instalaci\u00f3n de cables. Con una resistencia de tracci\u00f3n de hasta 60kg, esta cinta est\u00e1 dise\u00f1ada para resistir las demandas m\u00e1s exigentes.<\/p>\n","protected":false},"featured_media":10500,"template":"","meta":[],"product_brand":[],"product_cat":[226,253],"product_tag":[],"class_list":{"0":"post-10499","1":"product","2":"type-product","3":"status-publish","4":"has-post-thumbnail","6":"product_cat-electricidad","7":"product_cat-pasacables","9":"first","10":"instock","11":"shipping-taxable","12":"purchasable","13":"product-type-simple"},"_links":{"self":[{"href":"https:\/\/ferrepuertochile.cl\/index.php\/wp-json\/wp\/v2\/product\/10499","targetHints":{"allow":["GET"]}}],"collection":[{"href":"https:\/\/ferrepuertochile.cl\/index.php\/wp-json\/wp\/v2\/product"}],"about":[{"href":"https:\/\/ferrepuertochile.cl\/index.php\/wp-json\/wp\/v2\/types\/product"}],"wp:featuredmedia":[{"embeddable":true,"href":"https:\/\/ferrepuertochile.cl\/index.php\/wp-json\/wp\/v2\/media\/10500"}],"wp:attachment":[{"href":"https:\/\/ferrepuertochile.cl\/index.php\/wp-json\/wp\/v2\/media?parent=10499"}],"wp:term":[{"taxonomy":"product_brand","embeddable":true,"href":"https:\/\/ferrepuertochile.cl\/index.php\/wp-json\/wp\/v2\/product_brand?post=10499"},{"taxonomy":"product_cat","embeddable":true,"href":"https:\/\/ferrepuertochile.cl\/index.php\/wp-json\/wp\/v2\/product_cat?post=10499"},{"taxonomy":"product_tag","embeddable":true,"href":"https:\/\/ferrepuertochile.cl\/index.php\/wp-json\/wp\/v2\/product_tag?post=10499"}],"curies":[{"name":"wp","href":"https:\/\/api.w.org\/{rel}","templated":true}]}}