{"id":10480,"date":"2024-07-19T10:04:22","date_gmt":"2024-07-19T13:04:22","guid":{"rendered":"https:\/\/ferrepuertochile.cl\/?post_type=product&#038;p=10480"},"modified":"2025-03-10T12:05:18","modified_gmt":"2025-03-10T15:05:18","slug":"interruptor-diferencial-2x25a-30ma-lexo","status":"publish","type":"product","link":"https:\/\/ferrepuertochile.cl\/index.php\/producto\/interruptor-diferencial-2x25a-30ma-lexo\/","title":{"rendered":"Interruptor Diferencial 2 X 25 A 30 Ma Lexo"},"content":{"rendered":"<p>Dise\u00f1ado para la protecci\u00f3n de las personas frente a un contacto directo e indirecto con un elemento energizado. \u00a0Conmutaci\u00f3n y funci\u00f3n de aislamiento. Protege contra los riesgos de incedios causados por fallas de aislamiento. Proporciona protecci\u00f3n contra falla a tierra, corriente de fuga y funci\u00f3n de aislamiento.<\/p>\n","protected":false},"excerpt":{"rendered":"<p>Dise\u00f1ado para la protecci\u00f3n de las personas frente a un contacto directo e indirecto con un elemento energizado. \u00a0Conmutaci\u00f3n y funci\u00f3n de aislamiento. Protege contra los riesgos de incedios causados por fallas de aislamiento. Proporciona protecci\u00f3n contra falla a tierra, corriente de fuga y funci\u00f3n de aislamiento.<\/p>\n","protected":false},"featured_media":10481,"template":"","meta":[],"product_brand":[],"product_cat":[535,226,235],"product_tag":[],"class_list":{"0":"post-10480","1":"product","2":"type-product","3":"status-publish","4":"has-post-thumbnail","6":"product_cat-iluminacion","7":"product_cat-electricidad","8":"product_cat-interruptores","10":"first","11":"instock","12":"shipping-taxable","13":"purchasable","14":"product-type-simple"},"_links":{"self":[{"href":"https:\/\/ferrepuertochile.cl\/index.php\/wp-json\/wp\/v2\/product\/10480","targetHints":{"allow":["GET"]}}],"collection":[{"href":"https:\/\/ferrepuertochile.cl\/index.php\/wp-json\/wp\/v2\/product"}],"about":[{"href":"https:\/\/ferrepuertochile.cl\/index.php\/wp-json\/wp\/v2\/types\/product"}],"wp:featuredmedia":[{"embeddable":true,"href":"https:\/\/ferrepuertochile.cl\/index.php\/wp-json\/wp\/v2\/media\/10481"}],"wp:attachment":[{"href":"https:\/\/ferrepuertochile.cl\/index.php\/wp-json\/wp\/v2\/media?parent=10480"}],"wp:term":[{"taxonomy":"product_brand","embeddable":true,"href":"https:\/\/ferrepuertochile.cl\/index.php\/wp-json\/wp\/v2\/product_brand?post=10480"},{"taxonomy":"product_cat","embeddable":true,"href":"https:\/\/ferrepuertochile.cl\/index.php\/wp-json\/wp\/v2\/product_cat?post=10480"},{"taxonomy":"product_tag","embeddable":true,"href":"https:\/\/ferrepuertochile.cl\/index.php\/wp-json\/wp\/v2\/product_tag?post=10480"}],"curies":[{"name":"wp","href":"https:\/\/api.w.org\/{rel}","templated":true}]}}