{"id":10474,"date":"2024-07-18T18:22:07","date_gmt":"2024-07-18T21:22:07","guid":{"rendered":"https:\/\/ferrepuertochile.cl\/?post_type=product&#038;p=10474"},"modified":"2025-03-10T12:05:17","modified_gmt":"2025-03-10T15:05:17","slug":"interruptor-automatico-6ka-c-1x20a-lexo","status":"publish","type":"product","link":"https:\/\/ferrepuertochile.cl\/index.php\/producto\/interruptor-automatico-6ka-c-1x20a-lexo\/","title":{"rendered":"Interruptor Autom\u00e1tico 6ka C 1 X 20 A Lexo"},"content":{"rendered":"<p>Autom\u00e1tico para protecci\u00f3n de instalaciones el\u00e9ctricas ante una falla por sobrecargas o cortocircuitos. Interruptor autom\u00e1tico 6ka, C, 1x20a, marca Lexo<\/p>\n","protected":false},"excerpt":{"rendered":"<p>Autom\u00e1tico para protecci\u00f3n de instalaciones el\u00e9ctricas ante una falla por sobrecargas o cortocircuitos. Interruptor autom\u00e1tico 6ka, C, 1x20a, marca Lexo<\/p>\n","protected":false},"featured_media":10475,"template":"","meta":[],"product_brand":[],"product_cat":[242],"product_tag":[],"class_list":{"0":"post-10474","1":"product","2":"type-product","3":"status-publish","4":"has-post-thumbnail","6":"product_cat-interruptores-automaticos-y-diferenciales","8":"first","9":"instock","10":"shipping-taxable","11":"purchasable","12":"product-type-simple"},"_links":{"self":[{"href":"https:\/\/ferrepuertochile.cl\/index.php\/wp-json\/wp\/v2\/product\/10474","targetHints":{"allow":["GET"]}}],"collection":[{"href":"https:\/\/ferrepuertochile.cl\/index.php\/wp-json\/wp\/v2\/product"}],"about":[{"href":"https:\/\/ferrepuertochile.cl\/index.php\/wp-json\/wp\/v2\/types\/product"}],"wp:featuredmedia":[{"embeddable":true,"href":"https:\/\/ferrepuertochile.cl\/index.php\/wp-json\/wp\/v2\/media\/10475"}],"wp:attachment":[{"href":"https:\/\/ferrepuertochile.cl\/index.php\/wp-json\/wp\/v2\/media?parent=10474"}],"wp:term":[{"taxonomy":"product_brand","embeddable":true,"href":"https:\/\/ferrepuertochile.cl\/index.php\/wp-json\/wp\/v2\/product_brand?post=10474"},{"taxonomy":"product_cat","embeddable":true,"href":"https:\/\/ferrepuertochile.cl\/index.php\/wp-json\/wp\/v2\/product_cat?post=10474"},{"taxonomy":"product_tag","embeddable":true,"href":"https:\/\/ferrepuertochile.cl\/index.php\/wp-json\/wp\/v2\/product_tag?post=10474"}],"curies":[{"name":"wp","href":"https:\/\/api.w.org\/{rel}","templated":true}]}}