{"id":10452,"date":"2024-07-18T16:00:14","date_gmt":"2024-07-18T19:00:14","guid":{"rendered":"https:\/\/ferrepuertochile.cl\/?post_type=product&#038;p=10452"},"modified":"2025-03-10T12:05:17","modified_gmt":"2025-03-10T15:05:17","slug":"enchufe-volante-hembra-10a-250v-2pt-negro-fanton","status":"publish","type":"product","link":"https:\/\/ferrepuertochile.cl\/index.php\/producto\/enchufe-volante-hembra-10a-250v-2pt-negro-fanton\/","title":{"rendered":"Enchufe Volante Hembra 10 A 250 V 2 P + T  Negro Fanton"},"content":{"rendered":"<p>Tecnopol\u00edmero resistente a los golpes y altas temperaturas.<\/p>\n<p>Enchufes fabricados en lat\u00f3n niquelado con protecci\u00f3n aislante.<\/p>\n<p>Tomas de corriente con alv\u00e9los contra contactos accidentales o voluntarios.<\/p>\n<p>Pasacable integrado en el cuerpo del producto.<\/p>\n","protected":false},"excerpt":{"rendered":"<p>Tecnopol\u00edmero resistente a los golpes y altas temperaturas. Enchufes fabricados en lat\u00f3n niquelado con protecci\u00f3n aislante. Tomas de corriente con alv\u00e9los contra contactos accidentales o voluntarios. Pasacable integrado en el cuerpo del producto.<\/p>\n","protected":false},"featured_media":10453,"template":"","meta":[],"product_brand":[],"product_cat":[226,227,228],"product_tag":[],"class_list":{"0":"post-10452","1":"product","2":"type-product","3":"status-publish","4":"has-post-thumbnail","6":"product_cat-electricidad","7":"product_cat-enchufes-e-interruptores","8":"product_cat-enchufes","10":"first","11":"instock","12":"shipping-taxable","13":"purchasable","14":"product-type-simple"},"_links":{"self":[{"href":"https:\/\/ferrepuertochile.cl\/index.php\/wp-json\/wp\/v2\/product\/10452","targetHints":{"allow":["GET"]}}],"collection":[{"href":"https:\/\/ferrepuertochile.cl\/index.php\/wp-json\/wp\/v2\/product"}],"about":[{"href":"https:\/\/ferrepuertochile.cl\/index.php\/wp-json\/wp\/v2\/types\/product"}],"wp:featuredmedia":[{"embeddable":true,"href":"https:\/\/ferrepuertochile.cl\/index.php\/wp-json\/wp\/v2\/media\/10453"}],"wp:attachment":[{"href":"https:\/\/ferrepuertochile.cl\/index.php\/wp-json\/wp\/v2\/media?parent=10452"}],"wp:term":[{"taxonomy":"product_brand","embeddable":true,"href":"https:\/\/ferrepuertochile.cl\/index.php\/wp-json\/wp\/v2\/product_brand?post=10452"},{"taxonomy":"product_cat","embeddable":true,"href":"https:\/\/ferrepuertochile.cl\/index.php\/wp-json\/wp\/v2\/product_cat?post=10452"},{"taxonomy":"product_tag","embeddable":true,"href":"https:\/\/ferrepuertochile.cl\/index.php\/wp-json\/wp\/v2\/product_tag?post=10452"}],"curies":[{"name":"wp","href":"https:\/\/api.w.org\/{rel}","templated":true}]}}