{"id":10373,"date":"2024-07-17T17:19:52","date_gmt":"2024-07-17T20:19:52","guid":{"rendered":"https:\/\/ferrepuertochile.cl\/?post_type=product&#038;p=10373"},"modified":"2025-03-10T12:05:16","modified_gmt":"2025-03-10T15:05:16","slug":"lija-madera-a-257-grano-100-d-max","status":"publish","type":"product","link":"https:\/\/ferrepuertochile.cl\/index.php\/producto\/lija-madera-a-257-grano-100-d-max\/","title":{"rendered":"Lija Madera A-257 Grano 100 D-Max"},"content":{"rendered":"<p>Pliego lija para madera \/ masilla A &#8211; 257.<\/p>\n<p>Con camada abierta para disminuir el empaste, son usadas en remoci\u00f3n y terminaci\u00f3n.<\/p>\n<p>Aplicaci\u00f3n de Pliego lija para madera \/ masilla A-257:<\/p>\n<p>&#8211; Lijado de paredes<\/p>\n<p>&#8211; Remoci\u00f3n de residuos de masitas, pinturas y barnices<\/p>\n<p>&#8211; Remoci\u00f3n previa para aplicaci\u00f3n de pinturas<\/p>\n<p>&#8211; Grano 100. D-Max<\/p>\n","protected":false},"excerpt":{"rendered":"<p>Pliego lija para madera \/ masilla A &#8211; 257. Con camada abierta para disminuir el empaste, son usadas en remoci\u00f3n y terminaci\u00f3n. Aplicaci\u00f3n de Pliego lija para madera \/ masilla A-257: &#8211; Lijado de paredes &#8211; Remoci\u00f3n de residuos de masitas, pinturas y barnices &#8211; Remoci\u00f3n previa para aplicaci\u00f3n de pinturas &#8211; Grano 100. D-Max<\/p>\n","protected":false},"featured_media":10374,"template":"","meta":[],"product_brand":[],"product_cat":[256,261],"product_tag":[],"class_list":{"0":"post-10373","1":"product","2":"type-product","3":"status-publish","4":"has-post-thumbnail","6":"product_cat-herramientas","7":"product_cat-lijadoras","9":"first","10":"instock","11":"shipping-taxable","12":"purchasable","13":"product-type-simple"},"_links":{"self":[{"href":"https:\/\/ferrepuertochile.cl\/index.php\/wp-json\/wp\/v2\/product\/10373","targetHints":{"allow":["GET"]}}],"collection":[{"href":"https:\/\/ferrepuertochile.cl\/index.php\/wp-json\/wp\/v2\/product"}],"about":[{"href":"https:\/\/ferrepuertochile.cl\/index.php\/wp-json\/wp\/v2\/types\/product"}],"wp:featuredmedia":[{"embeddable":true,"href":"https:\/\/ferrepuertochile.cl\/index.php\/wp-json\/wp\/v2\/media\/10374"}],"wp:attachment":[{"href":"https:\/\/ferrepuertochile.cl\/index.php\/wp-json\/wp\/v2\/media?parent=10373"}],"wp:term":[{"taxonomy":"product_brand","embeddable":true,"href":"https:\/\/ferrepuertochile.cl\/index.php\/wp-json\/wp\/v2\/product_brand?post=10373"},{"taxonomy":"product_cat","embeddable":true,"href":"https:\/\/ferrepuertochile.cl\/index.php\/wp-json\/wp\/v2\/product_cat?post=10373"},{"taxonomy":"product_tag","embeddable":true,"href":"https:\/\/ferrepuertochile.cl\/index.php\/wp-json\/wp\/v2\/product_tag?post=10373"}],"curies":[{"name":"wp","href":"https:\/\/api.w.org\/{rel}","templated":true}]}}