{"id":10348,"date":"2024-07-17T15:30:28","date_gmt":"2024-07-17T18:30:28","guid":{"rendered":"https:\/\/ferrepuertochile.cl\/?post_type=product&#038;p=10348"},"modified":"2025-03-10T12:05:15","modified_gmt":"2025-03-10T15:05:15","slug":"bandeja-plastica-para-rodillo","status":"publish","type":"product","link":"https:\/\/ferrepuertochile.cl\/index.php\/producto\/bandeja-plastica-para-rodillo\/","title":{"rendered":"Bandeja Pl\u00e1stica Para Rodillo F3C"},"content":{"rendered":"<p class=\"content-descriptor-text\">La Bandeja Pl\u00e1stica para Rodillos\u00a0 es una herramienta esencial para aquellos que realizan proyectos de pintura. Esta bandeja est\u00e1 dise\u00f1ada para sostener un rodillo de hasta 23 cm de ancho, lo que facilita la aplicaci\u00f3n uniforme de la pintura en superficies de diversos tama\u00f1os.<\/p>\n","protected":false},"excerpt":{"rendered":"<p>La Bandeja Pl\u00e1stica para Rodillos\u00a0 es una herramienta esencial para aquellos que realizan proyectos de pintura. Esta bandeja est\u00e1 dise\u00f1ada para sostener un rodillo de hasta 23 cm de ancho, lo que facilita la aplicaci\u00f3n uniforme de la pintura en superficies de diversos tama\u00f1os.<\/p>\n","protected":false},"featured_media":10351,"template":"","meta":[],"product_brand":[],"product_cat":[311,309],"product_tag":[],"class_list":{"0":"post-10348","1":"product","2":"type-product","3":"status-publish","4":"has-post-thumbnail","6":"product_cat-bandejas-y-kits","7":"product_cat-herramientas-para-pintar","9":"first","10":"instock","11":"shipping-taxable","12":"purchasable","13":"product-type-simple"},"_links":{"self":[{"href":"https:\/\/ferrepuertochile.cl\/index.php\/wp-json\/wp\/v2\/product\/10348","targetHints":{"allow":["GET"]}}],"collection":[{"href":"https:\/\/ferrepuertochile.cl\/index.php\/wp-json\/wp\/v2\/product"}],"about":[{"href":"https:\/\/ferrepuertochile.cl\/index.php\/wp-json\/wp\/v2\/types\/product"}],"wp:featuredmedia":[{"embeddable":true,"href":"https:\/\/ferrepuertochile.cl\/index.php\/wp-json\/wp\/v2\/media\/10351"}],"wp:attachment":[{"href":"https:\/\/ferrepuertochile.cl\/index.php\/wp-json\/wp\/v2\/media?parent=10348"}],"wp:term":[{"taxonomy":"product_brand","embeddable":true,"href":"https:\/\/ferrepuertochile.cl\/index.php\/wp-json\/wp\/v2\/product_brand?post=10348"},{"taxonomy":"product_cat","embeddable":true,"href":"https:\/\/ferrepuertochile.cl\/index.php\/wp-json\/wp\/v2\/product_cat?post=10348"},{"taxonomy":"product_tag","embeddable":true,"href":"https:\/\/ferrepuertochile.cl\/index.php\/wp-json\/wp\/v2\/product_tag?post=10348"}],"curies":[{"name":"wp","href":"https:\/\/api.w.org\/{rel}","templated":true}]}}