{"id":10340,"date":"2024-07-17T14:59:20","date_gmt":"2024-07-17T17:59:20","guid":{"rendered":"https:\/\/ferrepuertochile.cl\/?post_type=product&#038;p=10340"},"modified":"2025-03-10T12:05:15","modified_gmt":"2025-03-10T15:05:15","slug":"rodillo-condor-acrilico-135-cm-5","status":"publish","type":"product","link":"https:\/\/ferrepuertochile.cl\/index.php\/producto\/rodillo-condor-acrilico-135-cm-5\/","title":{"rendered":"Rodillo Acr\u00edlico 13,5 Cm 5&#8243; Condor"},"content":{"rendered":"<p>Rodillo Condor es la alternativa profesional que necesitas para obtener un trabajo con \u00f3ptimas terminaciones, ya que gracias a su sistema cortagotas, permite un trabajo m\u00e1s f\u00e1cil y sin salpicaduras. Est\u00e1 compuesto por lana de poliam\u00edda y acr\u00edlico, con fibras de 18 mm, que entregan mayor resistencia y memoria. Posee un mango ergonom\u00e9trico c\u00f3modo para su uso prolongado que permite buen agarre, con un hilo interior compatible con nuestros extensores, para el uso de trabajos en altura. Sus medidas m\u00e1s peque\u00f1as permiten cubrir zonas m\u00e1s angostas con un f\u00e1cil acceso.<\/p>\n","protected":false},"excerpt":{"rendered":"<p>Rodillo Condor es la alternativa profesional que necesitas para obtener un trabajo con \u00f3ptimas terminaciones, ya que gracias a su sistema cortagotas, permite un trabajo m\u00e1s f\u00e1cil y sin salpicaduras. Est\u00e1 compuesto por lana de poliam\u00edda y acr\u00edlico, con fibras de 18 mm, que entregan mayor resistencia y memoria. Posee un mango ergonom\u00e9trico c\u00f3modo para&#8230;<\/p>\n","protected":false},"featured_media":10341,"template":"","meta":[],"product_brand":[],"product_cat":[312,309],"product_tag":[],"class_list":{"0":"post-10340","1":"product","2":"type-product","3":"status-publish","4":"has-post-thumbnail","6":"product_cat-brochas-y-rodillos","7":"product_cat-herramientas-para-pintar","9":"first","10":"instock","11":"shipping-taxable","12":"purchasable","13":"product-type-simple"},"_links":{"self":[{"href":"https:\/\/ferrepuertochile.cl\/index.php\/wp-json\/wp\/v2\/product\/10340","targetHints":{"allow":["GET"]}}],"collection":[{"href":"https:\/\/ferrepuertochile.cl\/index.php\/wp-json\/wp\/v2\/product"}],"about":[{"href":"https:\/\/ferrepuertochile.cl\/index.php\/wp-json\/wp\/v2\/types\/product"}],"wp:featuredmedia":[{"embeddable":true,"href":"https:\/\/ferrepuertochile.cl\/index.php\/wp-json\/wp\/v2\/media\/10341"}],"wp:attachment":[{"href":"https:\/\/ferrepuertochile.cl\/index.php\/wp-json\/wp\/v2\/media?parent=10340"}],"wp:term":[{"taxonomy":"product_brand","embeddable":true,"href":"https:\/\/ferrepuertochile.cl\/index.php\/wp-json\/wp\/v2\/product_brand?post=10340"},{"taxonomy":"product_cat","embeddable":true,"href":"https:\/\/ferrepuertochile.cl\/index.php\/wp-json\/wp\/v2\/product_cat?post=10340"},{"taxonomy":"product_tag","embeddable":true,"href":"https:\/\/ferrepuertochile.cl\/index.php\/wp-json\/wp\/v2\/product_tag?post=10340"}],"curies":[{"name":"wp","href":"https:\/\/api.w.org\/{rel}","templated":true}]}}