{"id":10193,"date":"2024-07-05T14:59:39","date_gmt":"2024-07-05T17:59:39","guid":{"rendered":"https:\/\/ferrepuertochile.cl\/?post_type=product&#038;p=10193"},"modified":"2024-09-26T17:43:42","modified_gmt":"2024-09-26T20:43:42","slug":"soplete-portatil-gas-yanes-plastico-s-piezo-160plus","status":"publish","type":"product","link":"https:\/\/ferrepuertochile.cl\/index.php\/producto\/soplete-portatil-gas-yanes-plastico-s-piezo-160plus\/","title":{"rendered":"Soplete Portatil Gas Pl\u00e1stico Sin Piezo 160 Plus Yanes"},"content":{"rendered":"<div><b>ESPECIFICACIONES T\u00c9CNICAS<\/b><\/div>\n<ul>\n<li>Soplete a gas, liviano, portatil y seguro<\/li>\n<li>\u00datil para gasfiter\u00eda, trabajos dom\u00e9sticos, retira pintura, limpia superficies, calentamiento en general<\/li>\n<li>Encendido manual<\/li>\n<li>Cuerpo pl\u00e1stico<\/li>\n<li>Empu\u00f1adura de PVC<\/li>\n<li>Certificado.<\/li>\n<\/ul>\n","protected":false},"excerpt":{"rendered":"<p>ESPECIFICACIONES T\u00c9CNICAS Soplete a gas, liviano, portatil y seguro \u00datil para gasfiter\u00eda, trabajos dom\u00e9sticos, retira pintura, limpia superficies, calentamiento en general Encendido manual Cuerpo pl\u00e1stico Empu\u00f1adura de PVC Certificado.<\/p>\n","protected":false},"featured_media":10194,"template":"","meta":[],"product_brand":[],"product_cat":[521],"product_tag":[],"class_list":{"0":"post-10193","1":"product","2":"type-product","3":"status-publish","4":"has-post-thumbnail","6":"product_cat-herramientas-manuales","8":"first","9":"outofstock","10":"shipping-taxable","11":"purchasable","12":"product-type-simple"},"_links":{"self":[{"href":"https:\/\/ferrepuertochile.cl\/index.php\/wp-json\/wp\/v2\/product\/10193","targetHints":{"allow":["GET"]}}],"collection":[{"href":"https:\/\/ferrepuertochile.cl\/index.php\/wp-json\/wp\/v2\/product"}],"about":[{"href":"https:\/\/ferrepuertochile.cl\/index.php\/wp-json\/wp\/v2\/types\/product"}],"wp:featuredmedia":[{"embeddable":true,"href":"https:\/\/ferrepuertochile.cl\/index.php\/wp-json\/wp\/v2\/media\/10194"}],"wp:attachment":[{"href":"https:\/\/ferrepuertochile.cl\/index.php\/wp-json\/wp\/v2\/media?parent=10193"}],"wp:term":[{"taxonomy":"product_brand","embeddable":true,"href":"https:\/\/ferrepuertochile.cl\/index.php\/wp-json\/wp\/v2\/product_brand?post=10193"},{"taxonomy":"product_cat","embeddable":true,"href":"https:\/\/ferrepuertochile.cl\/index.php\/wp-json\/wp\/v2\/product_cat?post=10193"},{"taxonomy":"product_tag","embeddable":true,"href":"https:\/\/ferrepuertochile.cl\/index.php\/wp-json\/wp\/v2\/product_tag?post=10193"}],"curies":[{"name":"wp","href":"https:\/\/api.w.org\/{rel}","templated":true}]}}