{"id":10080,"date":"2024-07-01T18:21:10","date_gmt":"2024-07-01T21:21:10","guid":{"rendered":"https:\/\/ferrepuertochile.cl\/?post_type=product&#038;p=10080"},"modified":"2025-03-10T12:05:07","modified_gmt":"2025-03-10T15:05:07","slug":"terminal-he-pvc-celeste-20mmx1-2-pn10-edr","status":"publish","type":"product","link":"https:\/\/ferrepuertochile.cl\/index.php\/producto\/terminal-he-pvc-celeste-20mmx1-2-pn10-edr\/","title":{"rendered":"Terminal He PVC Celeste 20 Mm X 1\/2\u201d PN 10 EDR"},"content":{"rendered":"<p><strong>Descripci\u00f3n<\/strong><\/p>\n<p>Permite hacer una transici\u00f3n por hilo.<br \/>\nPara este producto te recomendamos\u00a0usar Tefl\u00f3n.<\/p>\n<p><strong>Informaci\u00f3n T\u00e9cnica<\/strong><\/p>\n<p>&#8211; Presi\u00f3n m\u00e1xima de trabajo recomendada: PN10<br \/>\n&#8211; Temperatura de trabajo: de 0 a 25\u00baC<\/p>\n","protected":false},"excerpt":{"rendered":"<p>Descripci\u00f3n Permite hacer una transici\u00f3n por hilo. Para este producto te recomendamos\u00a0usar Tefl\u00f3n. Informaci\u00f3n T\u00e9cnica &#8211; Presi\u00f3n m\u00e1xima de trabajo recomendada: PN10 &#8211; Temperatura de trabajo: de 0 a 25\u00baC<\/p>\n","protected":false},"featured_media":10081,"template":"","meta":[],"product_brand":[],"product_cat":[208],"product_tag":[],"class_list":{"0":"post-10080","1":"product","2":"type-product","3":"status-publish","4":"has-post-thumbnail","6":"product_cat-fitting-pvc-hidraulico","8":"first","9":"instock","10":"shipping-taxable","11":"purchasable","12":"product-type-simple"},"_links":{"self":[{"href":"https:\/\/ferrepuertochile.cl\/index.php\/wp-json\/wp\/v2\/product\/10080","targetHints":{"allow":["GET"]}}],"collection":[{"href":"https:\/\/ferrepuertochile.cl\/index.php\/wp-json\/wp\/v2\/product"}],"about":[{"href":"https:\/\/ferrepuertochile.cl\/index.php\/wp-json\/wp\/v2\/types\/product"}],"wp:featuredmedia":[{"embeddable":true,"href":"https:\/\/ferrepuertochile.cl\/index.php\/wp-json\/wp\/v2\/media\/10081"}],"wp:attachment":[{"href":"https:\/\/ferrepuertochile.cl\/index.php\/wp-json\/wp\/v2\/media?parent=10080"}],"wp:term":[{"taxonomy":"product_brand","embeddable":true,"href":"https:\/\/ferrepuertochile.cl\/index.php\/wp-json\/wp\/v2\/product_brand?post=10080"},{"taxonomy":"product_cat","embeddable":true,"href":"https:\/\/ferrepuertochile.cl\/index.php\/wp-json\/wp\/v2\/product_cat?post=10080"},{"taxonomy":"product_tag","embeddable":true,"href":"https:\/\/ferrepuertochile.cl\/index.php\/wp-json\/wp\/v2\/product_tag?post=10080"}],"curies":[{"name":"wp","href":"https:\/\/api.w.org\/{rel}","templated":true}]}}